{"id":1153,"date":"2025-12-10T11:25:40","date_gmt":"2025-12-10T11:25:40","guid":{"rendered":"https:\/\/atelier-des-bergues.ch\/?post_type=avada_faq&#038;p=1153"},"modified":"2025-12-10T11:25:40","modified_gmt":"2025-12-10T11:25:40","slug":"combien-de-temps-prend-le-polissage-dune-montre","status":"publish","type":"avada_faq","link":"https:\/\/atelier-des-bergues.ch\/en\/faq-items\/combien-de-temps-prend-le-polissage-dune-montre\/","title":{"rendered":"Combien de temps prend le polissage d\u2019une montre ?"},"content":{"rendered":"<div class=\"fusion-text fusion-text-2\">\n<p>Le temps n\u00e9cessaire pour\u00a0polir\u00a0une montre d\u00e9pend de l\u2019\u00e9tat de celle-ci et du niveau de service requis. En g\u00e9n\u00e9ral, cela peut prendre entre quelques heures et plusieurs jours si un travail m\u00e9ticuleux est n\u00e9cessaire sur des mod\u00e8les complexes.<\/p>\n<\/div>\n","protected":false},"excerpt":{"rendered":"<p>Le temps n\u00e9cessaire pour\u00a0polir\u00a0une montre d\u00e9pend de l\u2019\u00e9tat de celle-ci [&hellip;]<\/p>\n","protected":false},"author":2,"featured_media":0,"menu_order":0,"comment_status":"closed","ping_status":"closed","template":"","format":"standard","meta":{"footnotes":""},"faq_category":[44],"class_list":["post-1153","avada_faq","type-avada_faq","status-publish","format-standard","hentry","faq_category-polissage-de-montre"],"_links":{"self":[{"href":"https:\/\/atelier-des-bergues.ch\/en\/wp-json\/wp\/v2\/avada_faq\/1153","targetHints":{"allow":["GET"]}}],"collection":[{"href":"https:\/\/atelier-des-bergues.ch\/en\/wp-json\/wp\/v2\/avada_faq"}],"about":[{"href":"https:\/\/atelier-des-bergues.ch\/en\/wp-json\/wp\/v2\/types\/avada_faq"}],"author":[{"embeddable":true,"href":"https:\/\/atelier-des-bergues.ch\/en\/wp-json\/wp\/v2\/users\/2"}],"replies":[{"embeddable":true,"href":"https:\/\/atelier-des-bergues.ch\/en\/wp-json\/wp\/v2\/comments?post=1153"}],"version-history":[{"count":1,"href":"https:\/\/atelier-des-bergues.ch\/en\/wp-json\/wp\/v2\/avada_faq\/1153\/revisions"}],"predecessor-version":[{"id":1154,"href":"https:\/\/atelier-des-bergues.ch\/en\/wp-json\/wp\/v2\/avada_faq\/1153\/revisions\/1154"}],"wp:attachment":[{"href":"https:\/\/atelier-des-bergues.ch\/en\/wp-json\/wp\/v2\/media?parent=1153"}],"wp:term":[{"taxonomy":"faq_category","embeddable":true,"href":"https:\/\/atelier-des-bergues.ch\/en\/wp-json\/wp\/v2\/faq_category?post=1153"}],"curies":[{"name":"wp","href":"https:\/\/api.w.org\/{rel}","templated":true}]}}

<div class="fusion-text fusion-text-2">
<p>Le temps nécessaire pour polir une montre dépend de l’état de celle-ci et du niveau de service requis. En général, cela peut prendre entre quelques heures et plusieurs jours si un travail méticuleux est nécessaire sur des modèles complexes.</p>
</div>

<p>Le temps nécessaire pour polir une montre dépend de l’état de celle-ci [&hellip;]</p>
