{"id":1172,"date":"2025-12-10T12:00:21","date_gmt":"2025-12-10T12:00:21","guid":{"rendered":"https:\/\/atelier-des-bergues.ch\/?post_type=avada_faq&#038;p=1172"},"modified":"2025-12-10T12:00:21","modified_gmt":"2025-12-10T12:00:21","slug":"quest-ce-quune-alliance-duo-et-a-qui-sadresse-t-elle","status":"publish","type":"avada_faq","link":"https:\/\/atelier-des-bergues.ch\/en\/faq-items\/quest-ce-quune-alliance-duo-et-a-qui-sadresse-t-elle\/","title":{"rendered":"Qu\u2019est-ce qu\u2019une alliance duo et \u00e0 qui s\u2019adresse-t-elle\u202f?"},"content":{"rendered":"<p>L\u2019alliance duo\u00a0d\u00e9signe deux bagues con\u00e7ues ensemble, partageant un style ou des caract\u00e9ristiques communes. Elles conviennent :<\/p>\n<ul>\n<li>Aux couples souhaitant symboliser l\u2019union et l\u2019harmonie<\/li>\n<li>Aux partenaires d\u00e9sirant une continuit\u00e9 entre leurs bijoux<\/li>\n<li>\u00c0 ceux pr\u00e9f\u00e9rant une approche personnalis\u00e9e dans le choix des mat\u00e9riaux ou des gravures<\/li>\n<\/ul>\n<table border=\"1\" width=\"1173\">\n<tbody>\n<tr>\n<td><strong>Avantage<\/strong><\/td>\n<td><strong>Description<\/strong><\/td>\n<\/tr>\n<tr>\n<td><strong>Esth\u00e9tique unifi\u00e9e<\/strong><\/td>\n<td>Les deux bagues reprennent un style similaire pour refl\u00e9ter la coh\u00e9sion du couple<\/td>\n<\/tr>\n<tr>\n<td><strong>Haut degr\u00e9 de personnalisation<\/strong><\/td>\n<td>Ajout de gravure, pierre pr\u00e9cieuse ou motif en accord commun<\/td>\n<\/tr>\n<\/tbody>\n<\/table>\n","protected":false},"excerpt":{"rendered":"<p>L\u2019alliance duo\u00a0d\u00e9signe deux bagues con\u00e7ues ensemble, partageant un style ou [&hellip;]<\/p>\n","protected":false},"author":2,"featured_media":0,"menu_order":0,"comment_status":"closed","ping_status":"closed","template":"","format":"standard","meta":{"footnotes":""},"faq_category":[46],"class_list":["post-1172","avada_faq","type-avada_faq","status-publish","format-standard","hentry","faq_category-les-alliances-de-mariage"],"_links":{"self":[{"href":"https:\/\/atelier-des-bergues.ch\/en\/wp-json\/wp\/v2\/avada_faq\/1172","targetHints":{"allow":["GET"]}}],"collection":[{"href":"https:\/\/atelier-des-bergues.ch\/en\/wp-json\/wp\/v2\/avada_faq"}],"about":[{"href":"https:\/\/atelier-des-bergues.ch\/en\/wp-json\/wp\/v2\/types\/avada_faq"}],"author":[{"embeddable":true,"href":"https:\/\/atelier-des-bergues.ch\/en\/wp-json\/wp\/v2\/users\/2"}],"replies":[{"embeddable":true,"href":"https:\/\/atelier-des-bergues.ch\/en\/wp-json\/wp\/v2\/comments?post=1172"}],"version-history":[{"count":1,"href":"https:\/\/atelier-des-bergues.ch\/en\/wp-json\/wp\/v2\/avada_faq\/1172\/revisions"}],"predecessor-version":[{"id":1173,"href":"https:\/\/atelier-des-bergues.ch\/en\/wp-json\/wp\/v2\/avada_faq\/1172\/revisions\/1173"}],"wp:attachment":[{"href":"https:\/\/atelier-des-bergues.ch\/en\/wp-json\/wp\/v2\/media?parent=1172"}],"wp:term":[{"taxonomy":"faq_category","embeddable":true,"href":"https:\/\/atelier-des-bergues.ch\/en\/wp-json\/wp\/v2\/faq_category?post=1172"}],"curies":[{"name":"wp","href":"https:\/\/api.w.org\/{rel}","templated":true}]}}

Qu’est-ce qu’une alliance duo et à qui s’adresse-t-elle ?

<p>L’alliance duo désigne deux bagues conçues ensemble, partageant un style ou des caractéristiques communes. Elles conviennent :</p>
<ul>
<li>Aux couples souhaitant symboliser l’union et l’harmonie</li>
<li>Aux partenaires désirant une continuité entre leurs bijoux</li>
<li>À ceux préférant une approche personnalisée dans le choix des matériaux ou des gravures</li>
</ul>
<table border="1" width="1173">
<tbody>
<tr>
<td><strong>Avantage</strong></td>
<td><strong>Description</strong></td>
</tr>
<tr>
<td><strong>Esthétique unifiée</strong></td>
<td>Les deux bagues reprennent un style similaire pour refléter la cohésion du couple</td>
</tr>
<tr>
<td><strong>Haut degré de personnalisation</strong></td>
<td>Ajout de gravure, pierre précieuse ou motif en accord commun</td>
</tr>
</tbody>
</table>

<p>L’alliance duo désigne deux bagues conçues ensemble, partageant un style ou [&hellip;]</p>
