{"id":1210,"date":"2026-01-14T16:12:55","date_gmt":"2026-01-14T16:12:55","guid":{"rendered":"https:\/\/atelier-des-bergues.ch\/?post_type=avada_faq&#038;p=1210"},"modified":"2026-01-14T16:12:55","modified_gmt":"2026-01-14T16:12:55","slug":"quelles-differences-existent-entre-or-ecologique-or-recycle-et-or-equitable","status":"publish","type":"avada_faq","link":"https:\/\/atelier-des-bergues.ch\/en\/faq-items\/quelles-differences-existent-entre-or-ecologique-or-recycle-et-or-equitable\/","title":{"rendered":"Quelles diff\u00e9rences existent entre or \u00e9cologique, or recycl\u00e9 et or \u00e9quitable\u202f?"},"content":{"rendered":"<ul>\n<li>L\u2019or \u00e9cologique\u00a0s\u2019obtient via des m\u00e9thodes d\u2019extraction peu polluantes, limitant l\u2019impact environnemental\u00a0au minimum.<\/li>\n<li>L\u2019or recycl\u00e9\u00a0provient de sources d\u00e9j\u00e0 existantes telles que les anciens bijoux, sans provoquer d\u2019extraction suppl\u00e9mentaire.<\/li>\n<li>L\u2019or \u00e9quitable\u00a0garantit des avantages sociaux et \u00e9conomiques pour les travailleurs, tout en r\u00e9duisant les d\u00e9g\u00e2ts \u00e9cologiques.<\/li>\n<\/ul>\n<table border=\"1\" width=\"1173\">\n<thead>\n<tr>\n<td><strong>Type d\u2019or<\/strong><\/td>\n<td><strong>Origine<\/strong><\/td>\n<td><strong>B\u00e9n\u00e9fice cl\u00e9<\/strong><\/td>\n<\/tr>\n<\/thead>\n<tbody>\n<tr>\n<td>\u00c9cologique<\/td>\n<td>Mines \u00e0 faible impact<\/td>\n<td>Protection des \u00e9cosyst\u00e8mes<\/td>\n<\/tr>\n<tr>\n<td>Recycl\u00e9<\/td>\n<td>Bijoux, d\u00e9chets industriels<\/td>\n<td>Z\u00e9ro extraction mini\u00e8re<\/td>\n<\/tr>\n<tr>\n<td>\u00c9quitable<\/td>\n<td>Mines labellis\u00e9es<\/td>\n<td>Conditions sociales am\u00e9lior\u00e9es<\/td>\n<\/tr>\n<\/tbody>\n<\/table>\n","protected":false},"excerpt":{"rendered":"<p>L\u2019or \u00e9cologique\u00a0s\u2019obtient via des m\u00e9thodes d\u2019extraction peu polluantes, limitant l\u2019impact [&hellip;]<\/p>\n","protected":false},"author":2,"featured_media":0,"menu_order":0,"comment_status":"closed","ping_status":"closed","template":"","format":"standard","meta":{"footnotes":""},"faq_category":[48],"class_list":["post-1210","avada_faq","type-avada_faq","status-publish","format-standard","hentry","faq_category-lor-ecologique-et-ses-alternatives"],"_links":{"self":[{"href":"https:\/\/atelier-des-bergues.ch\/en\/wp-json\/wp\/v2\/avada_faq\/1210","targetHints":{"allow":["GET"]}}],"collection":[{"href":"https:\/\/atelier-des-bergues.ch\/en\/wp-json\/wp\/v2\/avada_faq"}],"about":[{"href":"https:\/\/atelier-des-bergues.ch\/en\/wp-json\/wp\/v2\/types\/avada_faq"}],"author":[{"embeddable":true,"href":"https:\/\/atelier-des-bergues.ch\/en\/wp-json\/wp\/v2\/users\/2"}],"replies":[{"embeddable":true,"href":"https:\/\/atelier-des-bergues.ch\/en\/wp-json\/wp\/v2\/comments?post=1210"}],"version-history":[{"count":2,"href":"https:\/\/atelier-des-bergues.ch\/en\/wp-json\/wp\/v2\/avada_faq\/1210\/revisions"}],"predecessor-version":[{"id":1212,"href":"https:\/\/atelier-des-bergues.ch\/en\/wp-json\/wp\/v2\/avada_faq\/1210\/revisions\/1212"}],"wp:attachment":[{"href":"https:\/\/atelier-des-bergues.ch\/en\/wp-json\/wp\/v2\/media?parent=1210"}],"wp:term":[{"taxonomy":"faq_category","embeddable":true,"href":"https:\/\/atelier-des-bergues.ch\/en\/wp-json\/wp\/v2\/faq_category?post=1210"}],"curies":[{"name":"wp","href":"https:\/\/api.w.org\/{rel}","templated":true}]}}

Quelles différences existent entre or écologique, or recyclé et or équitable ?

<ul>
<li>L’or écologique s’obtient via des méthodes d’extraction peu polluantes, limitant l’impact environnemental au minimum.</li>
<li>L’or recyclé provient de sources déjà existantes telles que les anciens bijoux, sans provoquer d’extraction supplémentaire.</li>
<li>L’or équitable garantit des avantages sociaux et économiques pour les travailleurs, tout en réduisant les dégâts écologiques.</li>
</ul>
<table border="1" width="1173">
<thead>
<tr>
<td><strong>Type d’or</strong></td>
<td><strong>Origine</strong></td>
<td><strong>Bénéfice clé</strong></td>
</tr>
</thead>
<tbody>
<tr>
<td>Écologique</td>
<td>Mines à faible impact</td>
<td>Protection des écosystèmes</td>
</tr>
<tr>
<td>Recyclé</td>
<td>Bijoux, déchets industriels</td>
<td>Zéro extraction minière</td>
</tr>
<tr>
<td>Équitable</td>
<td>Mines labellisées</td>
<td>Conditions sociales améliorées</td>
</tr>
</tbody>
</table>

<p>L’or écologique s’obtient via des méthodes d’extraction peu polluantes, limitant l’impact [&hellip;]</p>
